{"id":12088,"date":"2026-01-13T00:07:51","date_gmt":"2026-01-13T00:07:51","guid":{"rendered":"https:\/\/programalab.dev\/conectas\/?page_id=12088"},"modified":"2026-02-07T00:07:51","modified_gmt":"2026-02-07T00:07:51","slug":"arribo","status":"publish","type":"page","link":"https:\/\/programalab.dev\/conectas\/","title":{"rendered":"Arribo"},"content":{"rendered":"\t\t<div data-elementor-type=\"wp-page\" data-elementor-id=\"12088\" class=\"elementor elementor-12088\" data-elementor-settings=\"{&quot;scroll_snap&quot;:&quot;yes&quot;}\" data-elementor-post-type=\"page\">\n\t\t\t\t<div class=\"elementor-element elementor-element-7c9ab8c e-flex e-con-boxed e-con e-parent\" data-id=\"7c9ab8c\" data-element_type=\"container\" data-e-type=\"container\" data-settings=\"{&quot;background_background&quot;:&quot;classic&quot;,&quot;jet_parallax_layout_list&quot;:[]}\">\n\t\t\t\t\t<div class=\"e-con-inner\">\n\t\t\t\t<div class=\"elementor-element elementor-element-8a2f54d elementor-widget elementor-widget-html\" data-id=\"8a2f54d\" data-element_type=\"widget\" data-e-type=\"widget\" data-widget_type=\"html.default\">\n\t\t\t\t\t<style>\r\n  \/* Tama\u00f1o normal (desktop) *\/\r\n  .home__logo {\r\n    width: 350px;\r\n    height: auto;\r\n    display: block;\r\n  }\r\n\r\n  \/* Tablet y celular *\/\r\n  @media (max-width: 768px) {\r\n    .home__logo {\r\n      width: 260px;\r\n    }\r\n  }\r\n\r\n  \/* Celulares peque\u00f1os *\/\r\n  @media (max-width: 480px) {\r\n    .home__logo {\r\n      width: 230px;\r\n    }\r\n  }\r\n<\/style>\r\n\r\n<svg class=\"home__logo\"\r\n     xmlns=\"http:\/\/www.w3.org\/2000\/svg\"\r\n     viewBox=\"0 0 250 104.14\"\r\n     aria-label=\"Logo\"\r\n     role=\"img\">\r\n\r\n  <defs>\r\n    <style>\r\n      .st0 { fill: #ff96bc; }\r\n      .st1 { fill: #fff; }\r\n    <\/style>\r\n  <\/defs>\r\n\r\n  <path class=\"st0\" d=\"M117.32,5.51c11.89-1.29,23.86,5.23,24.88,18.01,2.58,32.32-46.44,31.28-43.11-.36.99-9.35,9.04-16.66,18.23-17.65ZM119.02,13.63c-14.63,1.62-13.76,25.86,1.99,25.52,16.3-.35,15.56-27.46-1.99-25.52Z\"\/>\r\n  <path class=\"st1\" d=\"M134.49,83.99h-22.21c1.98,7.71,10.91,8.4,16.45,3.83.66,0,3.8,3.65,3.59,4.43-.3,1.14-4.94,3.37-6.18,3.68-9.87,2.45-21.18-2.52-21.11-13.85.12-19.88,31.88-18.67,29.47,1.92ZM112.28,79.71h15.38c-1.51-8.65-13.75-8.6-15.38,0Z\"\/>\r\n  <path class=\"st1\" d=\"M216.94,95.95h-6.83l-.21-2.13c-3.57,3.52-12.12,3.54-15.92.53-4.04-3.19-4.32-9.95.18-12.85.48-.31,3.94-1.78,4.2-1.78h11.32c.52-7.08-7.54-6.72-12.38-4.91-.96.36-2.36,1.72-3.01,1.3l-2.52-4.68c5.29-4.34,17.89-5.45,22.55.02.7.83,2.63,4.57,2.63,5.49v19.01ZM209.67,83.99h-7.05c-.42,0-3.63,1.05-3.95,1.39-1.15,1.23-.76,4.21.76,5.21,4.41,2.91,11.82-.77,10.23-6.6Z\"\/>\r\n  <path class=\"st1\" d=\"M48.54,67.87c23-2.68,23.96,31.49-.93,28.45-15.85-1.93-16.39-26.43.93-28.45ZM44.93,76.02c-2.31,2.47-2.61,6.5-1.56,9.59,3.13,9.19,18.51,5.27,14.96-6.42-1.75-5.76-9.37-7.48-13.4-3.18Z\"\/>\r\n  <path class=\"st1\" d=\"M99.89,95.95h-7.26v-17.3c0-.56-1.39-3.05-1.98-3.57-2.92-2.56-8.52-1.54-10.6,1.67-.22.34-1.09,2.15-1.09,2.33v16.87h-7.26v-27.77h6.83v2.56c5.56-4.13,15.2-4.44,19.41,1.74.65.95,1.95,4.33,1.95,5.31v18.15Z\"\/>\r\n  <path class=\"st1\" d=\"M245.53,69.93l-2.11,5.52c-3.33-1.42-6.3-2.54-10.04-2.14-3.22.35-6.09,3.16-2.46,5.03,4.83,2.49,16.17.52,15.88,9.67-.32,10.36-18.81,10.03-24.98,5.39l2.59-5.52c3.66,2.21,9.34,3.73,13.48,2.32,1.92-.65,2.55-3.15.73-4.17-3.9-2.17-14.57-.52-16.03-7.04-2.78-12.39,15.51-13.01,22.95-9.06Z\"\/>\r\n  <path class=\"st1\" d=\"M26.91,77.52c-2.74-5.55-11.42-4.9-13.82.62-4.34,10,7.81,17.41,14.02,8.8l5.71,2.6c-5.81,11.68-25.85,8.12-27.66-5.03-2.23-16.29,19.08-22.94,27.61-10.14,0,.45-5.14,3.56-5.86,3.14Z\"\/>\r\n  <path class=\"st1\" d=\"M159.76,77.52c-2.74-5.55-11.42-4.9-13.82.62-4.34,10,7.81,17.41,14.02,8.8l5.71,2.6c-5.81,11.68-25.85,8.12-27.66-5.03-2.23-16.29,19.08-22.94,27.61-10.14,0,.45-5.14,3.56-5.86,3.14Z\"\/>\r\n  <path class=\"st1\" d=\"M178.92,61.77v6.41h7.26v5.13h-7.26v15.16c0,2.57,5.45,2.76,7.04,1.07l1.88,4.83c-2.3,2.95-9.26,2.54-12.2.81-1.38-.81-3.97-3.92-3.97-5.43v-16.45h-4.7v-4.88l4.71-.25v-6.41h7.26Z\"\/>\r\n\r\n<\/svg>\r\n\t\t\t\t<\/div>\n\t\t\t\t<div class=\"elementor-element elementor-element-e7d35b7 elementor-widget elementor-widget-text-editor\" data-id=\"e7d35b7\" data-element_type=\"widget\" data-e-type=\"widget\" data-widget_type=\"text-editor.default\">\n\t\t\t\t\t\t\t\t\t<p>Conectamos Experiencias con<br \/>Influencers y Embajadores locales<\/p>\t\t\t\t\t\t\t\t<\/div>\n\t\t<div class=\"elementor-element elementor-element-49ae048 e-con-full e-flex e-con e-child\" data-id=\"49ae048\" data-element_type=\"container\" data-e-type=\"container\" data-settings=\"{&quot;jet_parallax_layout_list&quot;:[]}\">\n\t\t\t\t<div class=\"elementor-element elementor-element-ff3167a elementor-widget elementor-widget-button\" data-id=\"ff3167a\" data-element_type=\"widget\" data-e-type=\"widget\" data-widget_type=\"button.default\">\n\t\t\t\t\t\t\t\t\t\t<a class=\"elementor-button elementor-button-link elementor-size-sm elementor-animation-shrink\" href=\"https:\/\/programalab.dev\/conectas\/como-funciona\/\">\n\t\t\t\t\t\t<span class=\"elementor-button-content-wrapper\">\n\t\t\t\t\t\t\t\t\t<span class=\"elementor-button-text\">Conoce M\u00e1s<\/span>\n\t\t\t\t\t<\/span>\n\t\t\t\t\t<\/a>\n\t\t\t\t\t\t\t\t<\/div>\n\t\t\t\t<div class=\"elementor-element elementor-element-666baf1 elementor-widget elementor-widget-button\" data-id=\"666baf1\" data-element_type=\"widget\" data-e-type=\"widget\" data-widget_type=\"button.default\">\n\t\t\t\t\t\t\t\t\t\t<a class=\"elementor-button elementor-button-link elementor-size-sm elementor-animation-shrink\" href=\"https:\/\/programalab.dev\/conectas\/membresias\/\">\n\t\t\t\t\t\t<span class=\"elementor-button-content-wrapper\">\n\t\t\t\t\t\t\t\t\t<span class=\"elementor-button-text\">Reg\u00edstrate<\/span>\n\t\t\t\t\t<\/span>\n\t\t\t\t\t<\/a>\n\t\t\t\t\t\t\t\t<\/div>\n\t\t\t\t<\/div>\n\t\t\t\t<div class=\"elementor-element elementor-element-bfebd09 elementor-view-default elementor-widget elementor-widget-icon\" data-id=\"bfebd09\" data-element_type=\"widget\" data-e-type=\"widget\" data-widget_type=\"icon.default\">\n\t\t\t\t\t\t\t<div class=\"elementor-icon-wrapper\">\n\t\t\t<a class=\"elementor-icon\" href=\"#soy-influencer\">\n\t\t\t<svg aria-hidden=\"true\" class=\"e-font-icon-svg e-fas-chevron-down\" viewBox=\"0 0 448 512\" xmlns=\"http:\/\/www.w3.org\/2000\/svg\"><path d=\"M207.029 381.476L12.686 187.132c-9.373-9.373-9.373-24.569 0-33.941l22.667-22.667c9.357-9.357 24.522-9.375 33.901-.04L224 284.505l154.745-154.021c9.379-9.335 24.544-9.317 33.901.04l22.667 22.667c9.373 9.373 9.373 24.569 0 33.941L240.971 381.476c-9.373 9.372-24.569 9.372-33.942 0z\"><\/path><\/svg>\t\t\t<\/a>\n\t\t<\/div>\n\t\t\t\t\t\t<\/div>\n\t\t\t\t\t<\/div>\n\t\t\t\t<\/div>\n\t\t<div class=\"elementor-element elementor-element-1ada181 e-con-full e-flex e-con e-parent\" data-id=\"1ada181\" data-element_type=\"container\" data-e-type=\"container\" id=\"soy-influencer\" data-settings=\"{&quot;jet_parallax_layout_list&quot;:[]}\">\n\t\t<div class=\"elementor-element elementor-element-403ff97 e-con-full e-flex e-con e-child\" data-id=\"403ff97\" data-element_type=\"container\" data-e-type=\"container\" data-settings=\"{&quot;jet_parallax_layout_list&quot;:[]}\">\n\t\t<div class=\"elementor-element elementor-element-58ad995 e-con-full e-flex e-con e-child\" data-id=\"58ad995\" data-element_type=\"container\" data-e-type=\"container\" data-settings=\"{&quot;jet_parallax_layout_list&quot;:[]}\">\n\t\t\t\t<div class=\"elementor-element elementor-element-329f7b7 elementor-cta--skin-cover elementor-cta--valign-middle elementor-animated-content elementor-bg-transform elementor-bg-transform-zoom-in elementor-widget elementor-widget-call-to-action\" data-id=\"329f7b7\" data-element_type=\"widget\" data-e-type=\"widget\" data-widget_type=\"call-to-action.default\">\n\t\t\t\t\t\t\t<div class=\"elementor-cta\">\r\n\t\t\t\t\t<div class=\"elementor-cta__bg-wrapper\">\r\n\t\t\t\t<div class=\"elementor-cta__bg elementor-bg\" style=\"background-image: url(https:\/\/programalab.dev\/conectas\/wp-content\/uploads\/2026\/02\/CyHxzpNAwkCQpGALSZiy9-1024x580.png);\" role=\"img\" aria-label=\"CyHxzpNAwkCQpGALSZiy9\"><\/div>\r\n\t\t\t\t<div class=\"elementor-cta__bg-overlay\"><\/div>\r\n\t\t\t<\/div>\r\n\t\t\t\t\t\t\t<div class=\"elementor-cta__content\">\r\n\t\t\t\t\r\n\t\t\t\t\t\t\t\t\t<h2 class=\"elementor-cta__title elementor-cta__content-item elementor-content-item elementor-animated-item--grow\">\r\n\t\t\t\t\t\tSoy Influencer\t\t\t\t\t<\/h2>\r\n\t\t\t\t\r\n\t\t\t\t\t\t\t\t\t<div class=\"elementor-cta__description elementor-cta__content-item elementor-content-item elementor-animated-item--grow\">\r\n\t\t\t\t\t\tQuiero vivir nuevas experiencias\n\t\t\t\t\t<\/div>\r\n\t\t\t\t\r\n\t\t\t\t\t\t\t\t\t<div class=\"elementor-cta__button-wrapper elementor-cta__content-item elementor-content-item elementor-animated-item--grow\">\r\n\t\t\t\t\t<a class=\"elementor-cta__button elementor-button elementor-size-\" href=\"https:\/\/programalab.dev\/conectas\/home-influencers\/\">\r\n\t\t\t\t\t\tIngresa aqu\u00ed \t\t\t\t\t<\/a>\r\n\t\t\t\t\t<\/div>\r\n\t\t\t\t\t\t\t<\/div>\r\n\t\t\t\t\t\t<\/div>\r\n\t\t\t\t\t\t<\/div>\n\t\t\t\t<\/div>\n\t\t\t\t<\/div>\n\t\t<div class=\"elementor-element elementor-element-5a7aea0 e-con-full e-flex e-con e-child\" data-id=\"5a7aea0\" data-element_type=\"container\" data-e-type=\"container\" data-settings=\"{&quot;jet_parallax_layout_list&quot;:[]}\">\n\t\t<div class=\"elementor-element elementor-element-636c2ef e-con-full e-flex e-con e-child\" data-id=\"636c2ef\" data-element_type=\"container\" data-e-type=\"container\" data-settings=\"{&quot;jet_parallax_layout_list&quot;:[]}\">\n\t\t\t\t<div class=\"elementor-element elementor-element-c7e1260 elementor-cta--skin-cover elementor-cta--valign-middle elementor-animated-content elementor-bg-transform elementor-bg-transform-zoom-in elementor-widget elementor-widget-call-to-action\" data-id=\"c7e1260\" data-element_type=\"widget\" data-e-type=\"widget\" data-widget_type=\"call-to-action.default\">\n\t\t\t\t\t\t\t<div class=\"elementor-cta\">\r\n\t\t\t\t\t<div class=\"elementor-cta__bg-wrapper\">\r\n\t\t\t\t<div class=\"elementor-cta__bg elementor-bg\" style=\"background-image: url(https:\/\/programalab.dev\/conectas\/wp-content\/uploads\/2026\/01\/restaurante-753x1024.png);\" role=\"img\" aria-label=\"restaurante\"><\/div>\r\n\t\t\t\t<div class=\"elementor-cta__bg-overlay\"><\/div>\r\n\t\t\t<\/div>\r\n\t\t\t\t\t\t\t<div class=\"elementor-cta__content\">\r\n\t\t\t\t\r\n\t\t\t\t\t\t\t\t\t<h2 class=\"elementor-cta__title elementor-cta__content-item elementor-content-item elementor-animated-item--grow\">\r\n\t\t\t\t\t\tSoy Restaurante\t\t\t\t\t<\/h2>\r\n\t\t\t\t\r\n\t\t\t\t\t\t\t\t\t<div class=\"elementor-cta__description elementor-cta__content-item elementor-content-item elementor-animated-item--grow\">\r\n\t\t\t\t\t\tQuiero conectar con los mejores influencers\t\t\t\t\t<\/div>\r\n\t\t\t\t\r\n\t\t\t\t\t\t\t\t\t<div class=\"elementor-cta__button-wrapper elementor-cta__content-item elementor-content-item elementor-animated-item--grow\">\r\n\t\t\t\t\t<a class=\"elementor-cta__button elementor-button elementor-size-\" href=\"https:\/\/programalab.dev\/conectas\/home-restaurantes\/\">\r\n\t\t\t\t\t\tIngresa aqu\u00ed \t\t\t\t\t<\/a>\r\n\t\t\t\t\t<\/div>\r\n\t\t\t\t\t\t\t<\/div>\r\n\t\t\t\t\t\t<\/div>\r\n\t\t\t\t\t\t<\/div>\n\t\t\t\t<\/div>\n\t\t\t\t<\/div>\n\t\t\t\t<\/div>\n\t\t\t\t<\/div>\n\t\t","protected":false},"excerpt":{"rendered":"<p>Conectamos Experiencias conInfluencers y Embajadores locales Conoce M\u00e1s Reg\u00edstrate Soy Influencer Quiero vivir nuevas experiencias Ingresa aqu\u00ed Soy Restaurante Quiero conectar con los mejores influencers Ingresa aqu\u00ed<\/p>\n","protected":false},"author":2,"featured_media":0,"parent":0,"menu_order":0,"comment_status":"closed","ping_status":"closed","template":"elementor_canvas","meta":{"footnotes":""},"class_list":["post-12088","page","type-page","status-publish","hentry"],"_links":{"self":[{"href":"https:\/\/programalab.dev\/conectas\/wp-json\/wp\/v2\/pages\/12088","targetHints":{"allow":["GET"]}}],"collection":[{"href":"https:\/\/programalab.dev\/conectas\/wp-json\/wp\/v2\/pages"}],"about":[{"href":"https:\/\/programalab.dev\/conectas\/wp-json\/wp\/v2\/types\/page"}],"author":[{"embeddable":true,"href":"https:\/\/programalab.dev\/conectas\/wp-json\/wp\/v2\/users\/2"}],"replies":[{"embeddable":true,"href":"https:\/\/programalab.dev\/conectas\/wp-json\/wp\/v2\/comments?post=12088"}],"version-history":[{"count":115,"href":"https:\/\/programalab.dev\/conectas\/wp-json\/wp\/v2\/pages\/12088\/revisions"}],"predecessor-version":[{"id":12756,"href":"https:\/\/programalab.dev\/conectas\/wp-json\/wp\/v2\/pages\/12088\/revisions\/12756"}],"wp:attachment":[{"href":"https:\/\/programalab.dev\/conectas\/wp-json\/wp\/v2\/media?parent=12088"}],"curies":[{"name":"wp","href":"https:\/\/api.w.org\/{rel}","templated":true}]}}